{"id":27,"date":"2025-12-03T22:12:49","date_gmt":"2025-12-04T02:12:49","guid":{"rendered":"https:\/\/consffer.com.br\/?page_id=27"},"modified":"2025-12-11T10:51:44","modified_gmt":"2025-12-11T14:51:44","slug":"atuacao","status":"publish","type":"page","link":"https:\/\/consffer.com.br\/?page_id=27","title":{"rendered":"Atua\u00e7\u00e3o"},"content":{"rendered":"\t\t<div data-elementor-type=\"wp-page\" data-elementor-id=\"27\" class=\"elementor elementor-27\" data-elementor-post-type=\"page\">\n\t\t\t\t<div class=\"elementor-element elementor-element-c532e07 e-flex e-con-boxed e-con e-parent\" data-id=\"c532e07\" data-element_type=\"container\" data-e-type=\"container\">\n\t\t\t\t\t<div class=\"e-con-inner\">\n\t\t\t\t<div class=\"elementor-element elementor-element-d90a1c9 elementor-widget elementor-widget-heading\" data-id=\"d90a1c9\" data-element_type=\"widget\" data-e-type=\"widget\" data-widget_type=\"heading.default\">\n\t\t\t\t\t<h2 class=\"elementor-heading-title elementor-size-default\">NOSSAS \u00c1REAS DE ATUA\u00c7\u00c3O<\/h2>\t\t\t\t<\/div>\n\t\t\t\t\t<\/div>\n\t\t\t\t<\/div>\n\t\t<div class=\"elementor-element elementor-element-a78001d e-con-full e-flex elementor-invisible e-con e-parent\" data-id=\"a78001d\" data-element_type=\"container\" data-e-type=\"container\" data-settings=\"{&quot;background_background&quot;:&quot;classic&quot;,&quot;animation&quot;:&quot;slideInRight&quot;}\">\n\t\t<div class=\"elementor-element elementor-element-fe96493 e-con-full e-flex e-con e-child\" data-id=\"fe96493\" data-element_type=\"container\" data-e-type=\"container\">\n\t\t\t\t<div class=\"elementor-element elementor-element-d577122 elementor-widget elementor-widget-heading\" data-id=\"d577122\" data-element_type=\"widget\" data-e-type=\"widget\" data-widget_type=\"heading.default\">\n\t\t\t\t\t<h2 class=\"elementor-heading-title elementor-size-default\">CONSTRU\u00c7\u00c3O CIVIL<\/h2>\t\t\t\t<\/div>\n\t\t\t\t<div class=\"elementor-element elementor-element-9450e45 elementor-widget elementor-widget-image\" data-id=\"9450e45\" data-element_type=\"widget\" data-e-type=\"widget\" data-widget_type=\"image.default\">\n\t\t\t\t\t\t\t\t\t\t\t\t\t\t\t<img fetchpriority=\"high\" decoding=\"async\" width=\"317\" height=\"800\" src=\"https:\/\/consffer.com.br\/wp-content\/uploads\/2025\/12\/ATUACAO-CONSTRUCAO-CIVIL.png\" class=\"attachment-large size-large wp-image-401\" alt=\"\" srcset=\"https:\/\/consffer.com.br\/wp-content\/uploads\/2025\/12\/ATUACAO-CONSTRUCAO-CIVIL.png 317w, https:\/\/consffer.com.br\/wp-content\/uploads\/2025\/12\/ATUACAO-CONSTRUCAO-CIVIL-119x300.png 119w\" sizes=\"(max-width: 317px) 100vw, 317px\" \/>\t\t\t\t\t\t\t\t\t\t\t\t\t\t\t<\/div>\n\t\t\t\t<\/div>\n\t\t<div class=\"elementor-element elementor-element-efe4236 e-con-full e-flex e-con e-child\" data-id=\"efe4236\" data-element_type=\"container\" data-e-type=\"container\">\n\t\t\t\t<div class=\"elementor-element elementor-element-0a6495b elementor-widget elementor-widget-text-editor\" data-id=\"0a6495b\" data-element_type=\"widget\" data-e-type=\"widget\" data-widget_type=\"text-editor.default\">\n\t\t\t\t\t\t\t\t\t<p data-start=\"0\" data-end=\"397\">A <strong>CONSFFER<\/strong> atua na \u00e1rea de <strong data-start=\"27\" data-end=\"47\">Constru\u00e7\u00e3o Civil<\/strong> oferecendo solu\u00e7\u00f5es completas para obras p\u00fablicas e privadas, sempre com foco em qualidade, seguran\u00e7a e cumprimento de prazos. Mais do que simplesmente erguer estruturas, nosso compromisso \u00e9 entregar projetos que gerem valor real para a comunidade, para os usu\u00e1rios finais e para os contratantes, sejam eles \u00f3rg\u00e3os p\u00fablicos, empresas ou condom\u00ednios.<\/p><p data-start=\"399\" data-end=\"892\">Nosso time \u00e9 formado por profissionais experientes em diferentes etapas da constru\u00e7\u00e3o, desde o planejamento at\u00e9 a entrega final. Atuamos em <strong data-start=\"539\" data-end=\"581\">obras de pequeno, m\u00e9dio e grande porte<\/strong>, com capacidade t\u00e9cnica para conduzir desde interven\u00e7\u00f5es pontuais at\u00e9 projetos estruturais mais complexos. Trabalhamos com seriedade, transpar\u00eancia e processos bem definidos, garantindo que cada etapa seja acompanhada de perto e executada de acordo com as melhores pr\u00e1ticas do mercado e com as normas vigentes.<\/p><p data-start=\"894\" data-end=\"1507\">Entre nossas frentes de atua\u00e7\u00e3o, est\u00e3o as <strong data-start=\"936\" data-end=\"965\">obras p\u00fablicas e privadas<\/strong>, que podem incluir constru\u00e7\u00e3o de pr\u00e9dios administrativos, unidades de sa\u00fade, escolas, centros de atendimento, espa\u00e7os institucionais, galp\u00f5es, lojas, escrit\u00f3rios, \u00e1reas de apoio operacional e muito mais. Para o setor p\u00fablico, entendemos a responsabilidade de lidar com recursos governamentais, por isso priorizamos o planejamento detalhado, o controle rigoroso de custos e a presta\u00e7\u00e3o de contas clara. J\u00e1 no setor privado, nosso foco \u00e9 apoiar empresas e empreendedores que precisam de espa\u00e7os funcionais, modernos e adaptados \u00e0 sua opera\u00e7\u00e3o.<\/p><p data-start=\"1509\" data-end=\"2096\">Tamb\u00e9m realizamos <strong data-start=\"1527\" data-end=\"1570\">reformas, amplia\u00e7\u00f5es e manuten\u00e7\u00e3o geral<\/strong>, fundamentais para garantir a continuidade das atividades dos nossos clientes. Muitas vezes, a melhor solu\u00e7\u00e3o n\u00e3o \u00e9 construir algo do zero, e sim adaptar o que j\u00e1 existe: ampliar uma \u00e1rea para receber mais pessoas, readequar ambientes para novos usos, modernizar instala\u00e7\u00f5es, recuperar estruturas deterioradas ou atualizar sistemas el\u00e9tricos e hidr\u00e1ulicos. A CONSFFER trabalha para que essas interven\u00e7\u00f5es ocorram com o menor impacto poss\u00edvel na rotina do cliente, planejando prazos, etapas e cronogramas de forma estrat\u00e9gica.<\/p><p data-start=\"2098\" data-end=\"2669\"><span style=\"font-size: 1rem;\">A CONSFFER compreende que cada cliente possui uma realidade, um or\u00e7amento e uma urg\u00eancia diferentes. Por isso, oferecemos solu\u00e7\u00f5es sob medida, sempre com <\/span><strong style=\"font-size: 1rem;\" data-start=\"2825\" data-end=\"2856\">diagn\u00f3stico t\u00e9cnico inicial<\/strong><span style=\"font-size: 1rem;\">, defini\u00e7\u00e3o clara de escopo, or\u00e7amento transparente e acompanhamento pr\u00f3ximo durante toda a execu\u00e7\u00e3o. Mais do que entregar uma obra, buscamos construir relacionamentos duradouros, baseados em confian\u00e7a, previsibilidade e resultados concretos.<\/span><\/p><p data-start=\"3100\" data-end=\"3174\">Atendemos diversos perfis de contratantes na Constru\u00e7\u00e3o Civil, entre eles:<\/p><ul data-start=\"3176\" data-end=\"3595\"><li data-start=\"3176\" data-end=\"3296\"><p data-start=\"3178\" data-end=\"3296\"><strong data-start=\"3178\" data-end=\"3211\">Prefeituras e \u00f3rg\u00e3os p\u00fablicos<\/strong> \u2013 execu\u00e7\u00e3o de obras, reformas e adequa\u00e7\u00f5es em pr\u00e9dios e estruturas institucionais;<\/p><\/li><li data-start=\"3297\" data-end=\"3423\"><p data-start=\"3299\" data-end=\"3423\"><strong data-start=\"3299\" data-end=\"3320\">Empresas privadas<\/strong> \u2013 constru\u00e7\u00e3o e adapta\u00e7\u00e3o de sedes, filiais, lojas, galp\u00f5es, \u00e1reas de apoio e ambientes operacionais;<\/p><\/li><li data-start=\"3424\" data-end=\"3595\"><p data-start=\"3426\" data-end=\"3595\"><strong data-start=\"3426\" data-end=\"3467\">Condom\u00ednios comerciais e residenciais<\/strong> \u2013 manuten\u00e7\u00e3o, melhorias, revitaliza\u00e7\u00e3o de \u00e1reas comuns, amplia\u00e7\u00e3o de espa\u00e7os de conviv\u00eancia e adequa\u00e7\u00e3o \u00e0s normas de seguran\u00e7a.<\/p><\/li><\/ul><p data-start=\"3597\" data-end=\"3863\">Independentemente do porte do projeto, a CONSFFER est\u00e1 preparada para atuar com responsabilidade, t\u00e9cnica apurada e compromisso com a entrega. Nosso prop\u00f3sito \u00e9 garantir que cada obra reflita a seriedade da nossa marca e a confian\u00e7a depositada pelos nossos clientes.<\/p>\t\t\t\t\t\t\t\t<\/div>\n\t\t\t\t<\/div>\n\t\t\t\t<\/div>\n\t\t<div class=\"elementor-element elementor-element-64b566f e-con-full e-flex elementor-invisible e-con e-parent\" data-id=\"64b566f\" data-element_type=\"container\" data-e-type=\"container\" data-settings=\"{&quot;background_background&quot;:&quot;classic&quot;,&quot;animation&quot;:&quot;slideInLeft&quot;}\">\n\t\t<div class=\"elementor-element elementor-element-9564cca e-con-full e-flex e-con e-child\" data-id=\"9564cca\" data-element_type=\"container\" data-e-type=\"container\">\n\t\t\t\t<div class=\"elementor-element elementor-element-05f6bbe elementor-widget elementor-widget-heading\" data-id=\"05f6bbe\" data-element_type=\"widget\" data-e-type=\"widget\" data-widget_type=\"heading.default\">\n\t\t\t\t\t<h2 class=\"elementor-heading-title elementor-size-default\">DEDETIZA\u00c7\u00c3O &amp;\nCONTROLE DE PRAGAS<\/h2>\t\t\t\t<\/div>\n\t\t\t\t<div class=\"elementor-element elementor-element-544c6d8 elementor-widget elementor-widget-image\" data-id=\"544c6d8\" data-element_type=\"widget\" data-e-type=\"widget\" data-widget_type=\"image.default\">\n\t\t\t\t\t\t\t\t\t\t\t\t\t\t\t<img decoding=\"async\" width=\"317\" height=\"800\" src=\"https:\/\/consffer.com.br\/wp-content\/uploads\/2025\/12\/ATUACAO-DEDETIZACAO.png\" class=\"attachment-large size-large wp-image-402\" alt=\"\" srcset=\"https:\/\/consffer.com.br\/wp-content\/uploads\/2025\/12\/ATUACAO-DEDETIZACAO.png 317w, https:\/\/consffer.com.br\/wp-content\/uploads\/2025\/12\/ATUACAO-DEDETIZACAO-119x300.png 119w\" sizes=\"(max-width: 317px) 100vw, 317px\" \/>\t\t\t\t\t\t\t\t\t\t\t\t\t\t\t<\/div>\n\t\t\t\t<\/div>\n\t\t<div class=\"elementor-element elementor-element-15b9e28 e-con-full e-flex e-con e-child\" data-id=\"15b9e28\" data-element_type=\"container\" data-e-type=\"container\">\n\t\t\t\t<div class=\"elementor-element elementor-element-06d8e28 elementor-widget elementor-widget-text-editor\" data-id=\"06d8e28\" data-element_type=\"widget\" data-e-type=\"widget\" data-widget_type=\"text-editor.default\">\n\t\t\t\t\t\t\t\t\t<p data-start=\"0\" data-end=\"397\">A A \u00e1rea de <strong data-start=\"49\" data-end=\"85\">Dedetiza\u00e7\u00e3o e Controle de Pragas<\/strong> da CONSFFER foi desenvolvida para oferecer solu\u00e7\u00f5es profissionais, seguras e eficientes para empresas e \u00f3rg\u00e3os p\u00fablicos que precisam manter seus ambientes livres de pragas urbanas e dentro das exig\u00eancias legais. Mais do que \u201cmatar inseto\u201d, trabalhamos com <strong data-start=\"342\" data-end=\"389\">preven\u00e7\u00e3o, monitoramento e controle t\u00e9cnico<\/strong>, garantindo prote\u00e7\u00e3o \u00e0 sa\u00fade das pessoas, ao patrim\u00f4nio e \u00e0 imagem dos nossos clientes. Atuamos com uma linha completa de servi\u00e7os, que contempla desde o atendimento pontual at\u00e9 <strong data-start=\"569\" data-end=\"604\">contratos mensais e preventivos<\/strong>, ajustados \u00e0 necessidade de cada opera\u00e7\u00e3o.<\/p><p data-start=\"649\" data-end=\"696\">Entre os principais servi\u00e7os oferecidos, est\u00e3o:<\/p><ul data-start=\"698\" data-end=\"2132\"><li data-start=\"698\" data-end=\"1041\"><p data-start=\"700\" data-end=\"1041\"><strong data-start=\"700\" data-end=\"718\">Desinsetiza\u00e7\u00e3o<\/strong> \u2013 Controle de insetos rasteiros e voadores, como baratas, formigas, moscas, mosquitos e demais pragas que podem causar desconforto, contamina\u00e7\u00e3o de alimentos e riscos \u00e0 sa\u00fade.<\/p><\/li><li data-start=\"1043\" data-end=\"1377\"><p data-start=\"1045\" data-end=\"1377\"><strong data-start=\"1045\" data-end=\"1061\">Desratiza\u00e7\u00e3o<\/strong> \u2013 Controle de roedores (ratos e camundongos), que representam um dos maiores riscos \u00e0 sa\u00fade p\u00fablica e \u00e0 integridade do patrim\u00f4nio f\u00edsico.<\/p><\/li><li data-start=\"1379\" data-end=\"1753\"><p data-start=\"1381\" data-end=\"1753\"><strong data-start=\"1381\" data-end=\"1430\">Controle de cupins e outras pragas de madeira<\/strong> \u2013 Tratamentos espec\u00edficos para cupins de solo e madeira seca, que podem comprometer estruturas, m\u00f3veis, documentos e arquivos.<\/p><\/li><li data-start=\"1755\" data-end=\"2132\"><p data-start=\"1757\" data-end=\"2132\"><strong data-start=\"1757\" data-end=\"1785\">Sanitiza\u00e7\u00e3o de ambientes<\/strong> \u2013 Procedimentos voltados para a redu\u00e7\u00e3o de carga microbiana em locais de grande circula\u00e7\u00e3o de pessoas ou com alto rigor sanit\u00e1rio.<\/p><\/li><\/ul><p data-start=\"2134\" data-end=\"2445\">Para garantir a continuidade dos resultados, a CONSFFER oferece <strong data-start=\"2912\" data-end=\"2948\">contratos mensais ou preventivos<\/strong>, que incluem visitas peri\u00f3dicas, inspe\u00e7\u00f5es t\u00e9cnicas, reposi\u00e7\u00e3o de iscas, monitoramento de pontos cr\u00edticos e ajustes nas estrat\u00e9gias de controle conforme a necessidade. Em vez de agir apenas na emerg\u00eancia, nossos clientes passam a contar com um plano de controle cont\u00ednuo, reduzindo riscos, imprevistos e custos com danos causados por infesta\u00e7\u00f5es. Atendemos diferentes <strong data-start=\"3318\" data-end=\"3342\">segmentos de mercado<\/strong>, sempre adaptando o plano de controle \u00e0s caracter\u00edsticas de cada opera\u00e7\u00e3o:<\/p><ul data-start=\"3419\" data-end=\"4424\"><li data-start=\"3419\" data-end=\"3580\"><p data-start=\"3421\" data-end=\"3580\"><strong data-start=\"3421\" data-end=\"3435\">Ind\u00fastrias<\/strong> \u2013 Ambientes produtivos que precisam cumprir normas r\u00edgidas de higiene e seguran\u00e7a, evitando contamina\u00e7\u00f5es e interrup\u00e7\u00f5es na linha de produ\u00e7\u00e3o.<\/p><\/li><li data-start=\"3581\" data-end=\"3766\"><p data-start=\"3583\" data-end=\"3766\"><strong data-start=\"3583\" data-end=\"3605\">Com\u00e9rcios em geral<\/strong> \u2013 Lojas, supermercados, restaurantes, restaurantes industriais, centros comerciais e demais estabelecimentos que lidam com o p\u00fablico e com produtos sens\u00edveis.<\/p><\/li><li data-start=\"3767\" data-end=\"3992\"><p data-start=\"3769\" data-end=\"3992\"><strong data-start=\"3769\" data-end=\"3805\">Escolas e institui\u00e7\u00f5es de ensino<\/strong> \u2013 Locais que exigem cuidado redobrado com a sa\u00fade de crian\u00e7as, jovens e colaboradores, com aplica\u00e7\u00e3o de produtos seguros e planejamento de hor\u00e1rios para m\u00ednima interfer\u00eancia nas aulas.<\/p><\/li><li data-start=\"3993\" data-end=\"4166\"><p data-start=\"3995\" data-end=\"4166\"><strong data-start=\"3995\" data-end=\"4038\">Hospitais, cl\u00ednicas e unidades de sa\u00fade<\/strong> \u2013 Ambientes cr\u00edticos, em que o controle de pragas \u00e9 fator essencial para a seguran\u00e7a de pacientes, profissionais e processos.<\/p><\/li><li data-start=\"4167\" data-end=\"4424\"><p data-start=\"4169\" data-end=\"4424\"><strong data-start=\"4169\" data-end=\"4202\">\u00d3rg\u00e3os p\u00fablicos e reparti\u00e7\u00f5es<\/strong> \u2013 Pr\u00e9dios administrativos, secretarias, centros de atendimento, entre outros espa\u00e7os institucionais que precisam manter um padr\u00e3o de qualidade e higiene compat\u00edvel com as exig\u00eancias legais e com o atendimento \u00e0 popula\u00e7\u00e3o.<\/p><\/li><\/ul><p data-start=\"4426\" data-end=\"4833\">Em todos os casos, a CONSFFER atua com <strong data-start=\"4465\" data-end=\"4532\">equipe treinada, respaldo t\u00e9cnico e compromisso com a seguran\u00e7a<\/strong>, garantindo que cada interven\u00e7\u00e3o seja planejada, documentada e executada com responsabilidade. Nosso objetivo \u00e9 oferecer tranquilidade para o cliente, que passa a contar com um parceiro confi\u00e1vel para manter seus ambientes protegidos, organizados e em conformidade com as normas de sa\u00fade e seguran\u00e7a.<\/p>\t\t\t\t\t\t\t\t<\/div>\n\t\t\t\t<\/div>\n\t\t\t\t<\/div>\n\t\t<div class=\"elementor-element elementor-element-36500ee e-con-full e-flex elementor-invisible e-con e-parent\" data-id=\"36500ee\" data-element_type=\"container\" data-e-type=\"container\" data-settings=\"{&quot;background_background&quot;:&quot;classic&quot;,&quot;animation&quot;:&quot;slideInRight&quot;}\">\n\t\t<div class=\"elementor-element elementor-element-117e019 e-con-full e-flex e-con e-child\" data-id=\"117e019\" data-element_type=\"container\" data-e-type=\"container\">\n\t\t\t\t<div class=\"elementor-element elementor-element-d76411e elementor-widget elementor-widget-heading\" data-id=\"d76411e\" data-element_type=\"widget\" data-e-type=\"widget\" data-widget_type=\"heading.default\">\n\t\t\t\t\t<h2 class=\"elementor-heading-title elementor-size-default\">RECURSOS HUMANOS<\/h2>\t\t\t\t<\/div>\n\t\t\t\t<div class=\"elementor-element elementor-element-2b4c4fd elementor-widget elementor-widget-image\" data-id=\"2b4c4fd\" data-element_type=\"widget\" data-e-type=\"widget\" data-widget_type=\"image.default\">\n\t\t\t\t\t\t\t\t\t\t\t\t\t\t\t<img decoding=\"async\" width=\"317\" height=\"800\" src=\"https:\/\/consffer.com.br\/wp-content\/uploads\/2025\/12\/ATUACAORECURSOS-HUMANOS.png\" class=\"attachment-large size-large wp-image-411\" alt=\"\" srcset=\"https:\/\/consffer.com.br\/wp-content\/uploads\/2025\/12\/ATUACAORECURSOS-HUMANOS.png 317w, https:\/\/consffer.com.br\/wp-content\/uploads\/2025\/12\/ATUACAORECURSOS-HUMANOS-119x300.png 119w\" sizes=\"(max-width: 317px) 100vw, 317px\" \/>\t\t\t\t\t\t\t\t\t\t\t\t\t\t\t<\/div>\n\t\t\t\t<\/div>\n\t\t<div class=\"elementor-element elementor-element-47ffd17 e-con-full e-flex e-con e-child\" data-id=\"47ffd17\" data-element_type=\"container\" data-e-type=\"container\">\n\t\t\t\t<div class=\"elementor-element elementor-element-4e4b664 elementor-widget elementor-widget-text-editor\" data-id=\"4e4b664\" data-element_type=\"widget\" data-e-type=\"widget\" data-widget_type=\"text-editor.default\">\n\t\t\t\t\t\t\t\t\t<p data-start=\"0\" data-end=\"354\">A \u00e1rea de <strong data-start=\"10\" data-end=\"46\">Recursos Humanos &amp; Terceiriza\u00e7\u00e3o<\/strong> da CONSFFER foi criada para ajudar empresas e \u00f3rg\u00e3os p\u00fablicos a terem equipes mais organizadas, produtivas e bem geridas, sem precisar carregar todo o peso da estrutura interna de RH. Nosso foco \u00e9 entregar <strong data-start=\"253\" data-end=\"291\">pessoas certas, nos lugares certos<\/strong>, com processos claros e seguran\u00e7a jur\u00eddica para quem contrata.<\/p><p data-start=\"356\" data-end=\"786\">Come\u00e7amos pelo <strong data-start=\"371\" data-end=\"397\">recrutamento e sele\u00e7\u00e3o<\/strong>, uma das etapas mais sens\u00edveis da gest\u00e3o de pessoas. A CONSFFER cuida de todo o processo: divulga\u00e7\u00e3o de vagas, triagem de curr\u00edculos, entrevistas, testes quando necess\u00e1rio e indica\u00e7\u00e3o dos candidatos mais alinhados ao perfil da fun\u00e7\u00e3o e \u00e0 cultura do cliente. Isso reduz o tempo gasto pelos gestores com entrevistas e evita contrata\u00e7\u00f5es equivocadas que geram retrabalho e alta rotatividade.<\/p><p data-start=\"788\" data-end=\"897\">Al\u00e9m disso, atuamos com <strong data-start=\"812\" data-end=\"844\">terceiriza\u00e7\u00e3o de m\u00e3o de obra<\/strong> para diversas fun\u00e7\u00f5es operacionais e de apoio, como:<\/p><ul data-start=\"899\" data-end=\"1128\"><li data-start=\"899\" data-end=\"941\"><p data-start=\"901\" data-end=\"941\">Servi\u00e7os de <strong data-start=\"913\" data-end=\"938\">limpeza e conserva\u00e7\u00e3o<\/strong>;<\/p><\/li><li data-start=\"942\" data-end=\"980\"><p data-start=\"944\" data-end=\"980\"><strong data-start=\"944\" data-end=\"977\">Portaria e controle de acesso<\/strong>;<\/p><\/li><li data-start=\"981\" data-end=\"1053\"><p data-start=\"983\" data-end=\"1053\"><strong data-start=\"983\" data-end=\"1004\">Apoio operacional<\/strong> em obras, almoxarifado, produ\u00e7\u00e3o ou log\u00edstica;<\/p><\/li><li data-start=\"1054\" data-end=\"1128\"><p data-start=\"1056\" data-end=\"1128\">Outras fun\u00e7\u00f5es de suporte que podem ser estruturadas conforme a demanda.<\/p><\/li><\/ul><p data-start=\"1130\" data-end=\"1412\">Na terceiriza\u00e7\u00e3o, a CONSFFER assume a responsabilidade pela contrata\u00e7\u00e3o, gest\u00e3o dos colaboradores, acompanhamento de desempenho e substitui\u00e7\u00f5es, quando necess\u00e1rio. Assim, o cliente mant\u00e9m o foco na sua <strong data-start=\"1332\" data-end=\"1355\">atividade principal<\/strong>, enquanto n\u00f3s cuidamos da estrutura de pessoal de apoio.<\/p><p data-start=\"1414\" data-end=\"2015\">Outro pilar importante da nossa atua\u00e7\u00e3o \u00e9 a <strong data-start=\"1458\" data-end=\"1504\">gest\u00e3o de folha, treinamentos e integra\u00e7\u00e3o<\/strong>. Cuidamos de toda a parte burocr\u00e1tica e operacional do v\u00ednculo com os colaboradores terceirizados: folha de pagamento, benef\u00edcios, controle de ponto (quando aplic\u00e1vel) e obriga\u00e7\u00f5es legais. Tamb\u00e9m podemos apoiar no processo de <strong data-start=\"1731\" data-end=\"1745\">integra\u00e7\u00e3o<\/strong>, orientando os profissionais sobre regras internas do cliente, normas de seguran\u00e7a, conduta no ambiente de trabalho e procedimentos espec\u00edficos. Quando necess\u00e1rio, organizamos <strong data-start=\"1922\" data-end=\"1947\">treinamentos pontuais<\/strong> para capacitar as equipes, mantendo o padr\u00e3o de qualidade esperado.<\/p><p data-start=\"2017\" data-end=\"2140\">Ao contratar a CONSFFER para gest\u00e3o de Recursos Humanos &amp; Terceiriza\u00e7\u00e3o, o cliente tem acesso a benef\u00edcios concretos, como:<\/p><ul data-start=\"2142\" data-end=\"2558\"><li data-start=\"2142\" data-end=\"2239\"><p data-start=\"2144\" data-end=\"2239\"><strong data-start=\"2144\" data-end=\"2171\">Redu\u00e7\u00e3o de custos fixos<\/strong>, ao transformar parte da estrutura interna em servi\u00e7o contratado;<\/p><\/li><li data-start=\"2240\" data-end=\"2364\"><p data-start=\"2242\" data-end=\"2364\"><strong data-start=\"2242\" data-end=\"2271\">Menos riscos trabalhistas<\/strong>, j\u00e1 que a gest\u00e3o do v\u00ednculo e das obriga\u00e7\u00f5es legais fica sob responsabilidade da CONSFFER;<\/p><\/li><li data-start=\"2365\" data-end=\"2558\"><p data-start=\"2367\" data-end=\"2558\"><strong data-start=\"2367\" data-end=\"2403\">Mais foco na atividade principal<\/strong>, permitindo que a empresa concentre seus esfor\u00e7os estrat\u00e9gicos naquilo que realmente gera resultado para o seu neg\u00f3cio ou para o servi\u00e7o p\u00fablico prestado.<\/p><\/li><\/ul><p data-start=\"0\" data-end=\"397\">Com processos bem estruturados, equipe especializada e uma postura comprometida com a entrega, a CONSFFER se posiciona como parceira estrat\u00e9gica em gest\u00e3o de pessoas, garantindo suporte completo para quem precisa de m\u00e3o de obra confi\u00e1vel, regularizada e bem administrada.<\/p>\t\t\t\t\t\t\t\t<\/div>\n\t\t\t\t<\/div>\n\t\t\t\t<\/div>\n\t\t\t\t<\/div>\n\t\t","protected":false},"excerpt":{"rendered":"<p>NOSSAS \u00c1REAS DE ATUA\u00c7\u00c3O CONSTRU\u00c7\u00c3O CIVIL A CONSFFER atua na \u00e1rea de Constru\u00e7\u00e3o Civil oferecendo solu\u00e7\u00f5es completas para obras p\u00fablicas e privadas, sempre com foco em qualidade, seguran\u00e7a e cumprimento de prazos. Mais do que simplesmente erguer estruturas, nosso compromisso \u00e9 entregar projetos que gerem valor real para a comunidade, para os usu\u00e1rios finais e [&hellip;]<\/p>\n","protected":false},"author":1,"featured_media":0,"parent":0,"menu_order":0,"comment_status":"closed","ping_status":"closed","template":"elementor_header_footer","meta":{"footnotes":""},"class_list":["post-27","page","type-page","status-publish","hentry"],"_links":{"self":[{"href":"https:\/\/consffer.com.br\/index.php?rest_route=\/wp\/v2\/pages\/27","targetHints":{"allow":["GET"]}}],"collection":[{"href":"https:\/\/consffer.com.br\/index.php?rest_route=\/wp\/v2\/pages"}],"about":[{"href":"https:\/\/consffer.com.br\/index.php?rest_route=\/wp\/v2\/types\/page"}],"author":[{"embeddable":true,"href":"https:\/\/consffer.com.br\/index.php?rest_route=\/wp\/v2\/users\/1"}],"replies":[{"embeddable":true,"href":"https:\/\/consffer.com.br\/index.php?rest_route=%2Fwp%2Fv2%2Fcomments&post=27"}],"version-history":[{"count":28,"href":"https:\/\/consffer.com.br\/index.php?rest_route=\/wp\/v2\/pages\/27\/revisions"}],"predecessor-version":[{"id":429,"href":"https:\/\/consffer.com.br\/index.php?rest_route=\/wp\/v2\/pages\/27\/revisions\/429"}],"wp:attachment":[{"href":"https:\/\/consffer.com.br\/index.php?rest_route=%2Fwp%2Fv2%2Fmedia&parent=27"}],"curies":[{"name":"wp","href":"https:\/\/api.w.org\/{rel}","templated":true}]}}